{"id":68,"date":"2013-01-28T13:57:33","date_gmt":"2013-01-28T13:57:33","guid":{"rendered":"http:\/\/wordpress.eintrachtmittelgruendau.de\/?page_id=68"},"modified":"2025-06-10T22:25:08","modified_gmt":"2025-06-10T20:25:08","slug":"impressum","status":"publish","type":"page","link":"https:\/\/eintrachtmittelgruendau.de\/?page_id=68","title":{"rendered":"Impressum"},"content":{"rendered":"<p><strong>Betreiber der Website<br \/>\n<\/strong><\/p>\n<p>Gesangverein Eintracht Mittel-Gr\u00fcndau e.V.<\/p>\n<p>Registergericht: \u00a0\u00a0\u00a0\u00a0\u00a0\u00a0\u00a0\u00a0\u00a0\u00a0\u00a0 Amtsgericht Hanau<br \/>\nRegisternummer: \u00a0\u00a0\u00a0\u00a0\u00a0\u00a0\u00a0\u00a0 3541<\/p>\n<p>UStID-Nr.: \u00a0\u00a0\u00a0\u00a0\u00a0\u00a0\u00a0 &#8212;<\/p>\n<p><strong>vertreten durch:<\/strong><\/p>\n<p><strong>1. Vorsitzende<\/strong><br \/>\nIris Walter<br \/>\nIm Wagnersgrund 8<br \/>\n63584 Mittel-Gr\u00fcndau<br \/>\nTel. 06058-910141<br \/>\nE-Mail: <a href=\"mailto:iris@i-walter.de\">Iris Walter<\/a><\/p>\n<p>&nbsp;<\/p>\n<p><strong>inhaltlich verantwortlich:<\/strong><\/p>\n<p>Siehe vorher.<\/p>\n<p style=\"text-align: justify;\"><strong>Datenschutz:<\/strong><br \/>\nDie, im Rahmen des Onlineangebots \u00fcbermittelten personenbezogenen Daten werden selbstverst\u00e4ndlich den gesetzlichen Bestimmungen entsprechend streng vertraulich behandelt. Eine Speicherung personenbezogener Daten erfolgt nur, wenn dies gesetzlich vorgeschrieben oder im Rahmen des Onlineangebotes notwendig ist. Die Daten werden nicht an Dritte weitergegeben. Ein Verkauf personenbezogener Daten findet ebenfalls nicht statt. Grunds\u00e4tzlich beschr\u00e4nkt sich die Nutzung auf den jeweils erforderlichen Umfang.<br \/>\n<a href=\"https:\/\/www.eintrachtmittelgruendau.de\/index.php\/website\/impressum\/21-layoutbereiche\/info-menu\/1-datenschutzerklaerung.html\">Ausf\u00fchrliche Datenschutzerkl\u00e4rung:<\/a><\/p>\n<p style=\"text-align: justify;\"><strong>Urheberrecht\/ Verwertungsrechte:<\/strong><br \/>\nDie Ver\u00f6ffentlichungen auf diesen Seiten unterliegen dem deutschen Urheberrecht. Vervielf\u00e4ltigung, Bearbeitung und sonstige Verwendungen sind nur nach unserer Zustimmung oder der des jeweiligen Verfassers zul\u00e4ssig. Der Betreiber der Webseite selbst ist stets bem\u00fcht, die Urheberrechte anderer zu beachten bzw. auf selbst erstellte sowie lizenzfreie Werke zur\u00fcckzugreifen.<\/p>\n<p style=\"text-align: justify;\"><strong>Haftungshinweis\/Haftungsausschluss:<\/strong><br \/>\nDie Webseite enth\u00e4lt evtl. Links zu Webseiten Dritter. Trotz sorgf\u00e4ltiger inhaltlicher Kontrolle \u00fcbernehmen wir keine Haftung f\u00fcr die Inhalte externer Links. F\u00fcr den Inhalt der verlinkten Seiten sind ausschlie\u00dflich deren Anbieter und Betreiber verantwortlich. Zum Zeitpunkt der Verlinkung wurden die jeweiligen Seiten auf m\u00f6gliche Verst\u00f6sse \u00fcberpr\u00fcft. Diese Pr\u00fcfung ergab, dass rechtswidrige Inhalte zu jenem Zeitpunkt nicht erkennbar waren. Eine permanente inhaltliche Kontrolle der verlinkten Seiten ist jedoch ohne konkrete Anhaltspunkte einer Rechtsverletzung unzumutbar. Sollten Ihnen Inhalte rechtswidrig oder in irgendeiner Art zweifelhaft erscheinen, teilen Sie uns dies bitte mit. Die entsprechenden Inhalte werden dann umgehend gepr\u00fcft und ggf. entfernt.<\/p>\n<p style=\"text-align: justify;\">Somit sind Haftungsanspr\u00fcche, die sich auf Sch\u00e4den materieller oder ideeller Art beziehen, die durch die Nutzung oder Nichtnutzung der Informationen bzw. durch die Nutzung fehlerhafter und unvollst\u00e4ndiger Informationen verursacht wurden grunds\u00e4tzlich ausgeschlossen, sofern kein nachweislich vors\u00e4tzliches oder grob fahrl\u00e4ssiges Verschulden vorliegt. Alle Angebote sind freibleibend und unverbindlich. Wir behalten uns ausdr\u00fccklich vor, Teile der Seiten oder das gesamte Angebot ohne gesonderte Ank\u00fcndigung zu ver\u00e4ndern, zu erg\u00e4nzen, zu l\u00f6schen oder die Ver\u00f6ffentlichung zeitweise oder endg\u00fcltig einzustellen.<\/p>\n","protected":false},"excerpt":{"rendered":"<p>Betreiber der Website Gesangverein Eintracht Mittel-Gr\u00fcndau e.V. Registergericht: \u00a0\u00a0\u00a0\u00a0\u00a0\u00a0\u00a0\u00a0\u00a0\u00a0\u00a0 Amtsgericht Hanau Registernummer: \u00a0\u00a0\u00a0\u00a0\u00a0\u00a0\u00a0\u00a0 3541 UStID-Nr.: \u00a0\u00a0\u00a0\u00a0\u00a0\u00a0\u00a0 &#8212; vertreten durch: 1. Vorsitzende Iris Walter Im Wagnersgrund 8 63584 Mittel-Gr\u00fcndau Tel. 06058-910141 E-Mail: Iris Walter &nbsp; inhaltlich verantwortlich: Siehe vorher. Datenschutz: Die, &hellip; <a href=\"https:\/\/eintrachtmittelgruendau.de\/?page_id=68\">Weiterlesen <span class=\"meta-nav\">&rarr;<\/span><\/a><\/p>\n","protected":false},"author":5,"featured_media":0,"parent":66,"menu_order":1,"comment_status":"closed","ping_status":"closed","template":"","meta":{"footnotes":""},"class_list":["post-68","page","type-page","status-publish","hentry"],"_links":{"self":[{"href":"https:\/\/eintrachtmittelgruendau.de\/index.php?rest_route=\/wp\/v2\/pages\/68","targetHints":{"allow":["GET"]}}],"collection":[{"href":"https:\/\/eintrachtmittelgruendau.de\/index.php?rest_route=\/wp\/v2\/pages"}],"about":[{"href":"https:\/\/eintrachtmittelgruendau.de\/index.php?rest_route=\/wp\/v2\/types\/page"}],"author":[{"embeddable":true,"href":"https:\/\/eintrachtmittelgruendau.de\/index.php?rest_route=\/wp\/v2\/users\/5"}],"replies":[{"embeddable":true,"href":"https:\/\/eintrachtmittelgruendau.de\/index.php?rest_route=%2Fwp%2Fv2%2Fcomments&post=68"}],"version-history":[{"count":18,"href":"https:\/\/eintrachtmittelgruendau.de\/index.php?rest_route=\/wp\/v2\/pages\/68\/revisions"}],"predecessor-version":[{"id":2310,"href":"https:\/\/eintrachtmittelgruendau.de\/index.php?rest_route=\/wp\/v2\/pages\/68\/revisions\/2310"}],"up":[{"embeddable":true,"href":"https:\/\/eintrachtmittelgruendau.de\/index.php?rest_route=\/wp\/v2\/pages\/66"}],"wp:attachment":[{"href":"https:\/\/eintrachtmittelgruendau.de\/index.php?rest_route=%2Fwp%2Fv2%2Fmedia&parent=68"}],"curies":[{"name":"wp","href":"https:\/\/api.w.org\/{rel}","templated":true}]}}