{"id":63,"date":"2013-01-28T13:56:21","date_gmt":"2013-01-28T13:56:21","guid":{"rendered":"http:\/\/wordpress.eintrachtmittelgruendau.de\/?page_id=63"},"modified":"2026-03-31T10:49:23","modified_gmt":"2026-03-31T08:49:23","slug":"termine","status":"publish","type":"page","link":"https:\/\/eintrachtmittelgruendau.de\/?page_id=63","title":{"rendered":"Termine"},"content":{"rendered":"\n<div class=\"wp-block-columns is-layout-flex wp-container-core-columns-is-layout-9d6595d7 wp-block-columns-is-layout-flex\">\n<div class=\"wp-block-column is-layout-flow wp-block-column-is-layout-flow\" style=\"flex-basis:100%\">\n<figure class=\"wp-block-gallery alignright has-nested-images columns-default is-cropped wp-block-gallery-1 is-layout-flex wp-block-gallery-is-layout-flex\"><\/figure>\n\n\n\n<h2 style=\"padding-left: 40px;\"><em><strong>2026<\/strong><\/em><\/h2>\n<p><strong>So., 08.03. Konzert\u00a0 Love &amp; Peace zusammen mit dem Chor 4 You GN-\u00a0 \u00a0 \u00a0 \u00a0 \u00a0 \u00a0 \u00a0 \u00a0 \u00a0 \u00a0 \u00a0 \u00a0 \u00a0 \u00a0 \u00a0 \u00a0 \u00a0 \u00a0 \u00a0 H\u00f6chst\u00a0\u00a0 <img loading=\"lazy\" decoding=\"async\" class=\"size-medium wp-image-2338 alignright\" src=\"https:\/\/eintrachtmittelgruendau.de\/wp-content\/uploads\/2026\/01\/WhatsApp-Image-2026-01-29-at-08.04.40-1-212x300.jpeg\" alt=\"\" width=\"212\" height=\"300\" srcset=\"https:\/\/eintrachtmittelgruendau.de\/wp-content\/uploads\/2026\/01\/WhatsApp-Image-2026-01-29-at-08.04.40-1-212x300.jpeg 212w, https:\/\/eintrachtmittelgruendau.de\/wp-content\/uploads\/2026\/01\/WhatsApp-Image-2026-01-29-at-08.04.40-1-724x1024.jpeg 724w, https:\/\/eintrachtmittelgruendau.de\/wp-content\/uploads\/2026\/01\/WhatsApp-Image-2026-01-29-at-08.04.40-1-768x1087.jpeg 768w, https:\/\/eintrachtmittelgruendau.de\/wp-content\/uploads\/2026\/01\/WhatsApp-Image-2026-01-29-at-08.04.40-1-1085x1536.jpeg 1085w, https:\/\/eintrachtmittelgruendau.de\/wp-content\/uploads\/2026\/01\/WhatsApp-Image-2026-01-29-at-08.04.40-1.jpeg 1447w\" sizes=\"auto, (max-width: 212px) 100vw, 212px\" \/><\/strong><\/p>\n<p>&nbsp;<\/p>\n<p><strong> \u00a0 \u00a0 \u00a0 \u00a0 \u00a0 \u00a0 \u00a0 \u00a0 \u00a0<\/strong><\/p>\n<p><strong>Do., 16.04. Jahreshauptversammlung<\/strong><\/p>\n<p><a href=\"https:\/\/eintrachtmittelgruendau.de\/wp-content\/uploads\/2026\/03\/Einladung-JHV-2026.pdf\">Einladung JHV 2026<\/a><\/p>\n<p><strong>So., 15.11. Volkstrauertag &#8211; Singen am Denkmal in Mittel-Gr\u00fcndau<\/strong><\/p>\n<p><strong>So., 29.11. Teilnahme am Weihnachtsmarkt in Mittel-Gr\u00fcndau<\/strong><\/p>\n<p><strong>So., 06.12\u00a0 Adventsgottesdienst<\/strong><\/p>\n<h2 style=\"padding-left: 40px;\"><em><strong>2025<\/strong><\/em><\/h2>\n<p><img loading=\"lazy\" decoding=\"async\" class=\"size-medium wp-image-2333 alignright\" src=\"https:\/\/eintrachtmittelgruendau.de\/wp-content\/uploads\/2025\/11\/WhatsApp-Image-2025-11-05-at-20.11.37-213x300.jpeg\" alt=\"\" width=\"213\" height=\"300\" srcset=\"https:\/\/eintrachtmittelgruendau.de\/wp-content\/uploads\/2025\/11\/WhatsApp-Image-2025-11-05-at-20.11.37-213x300.jpeg 213w, https:\/\/eintrachtmittelgruendau.de\/wp-content\/uploads\/2025\/11\/WhatsApp-Image-2025-11-05-at-20.11.37.jpeg 716w\" sizes=\"auto, (max-width: 213px) 100vw, 213px\" \/><\/p>\n<p>&nbsp;<\/p>\n<p><strong>Do., 11.12.\u00a0 \u00a0 \u00a0\u00a0\u00a0 Lebendiger Adventskalender Mittel-Gr\u00fcndau<\/strong><\/p>\n<p>&nbsp;<\/p>\n<p>&nbsp;<\/p>\n<p><strong>So., 07.12.\u00a0 \u00a0 \u00a0\u00a0\u00a0 Adventsgottesdienst im DGH Mittel-Gr\u00fcndau<br \/><\/strong><\/p>\n<p>&nbsp;<\/p>\n<p><strong>So., 30.11.\u00a0 \u00a0 \u00a0 \u00a0\u00a0 Teilnahme am Weihnachtsmarkt in Mittel-Gr\u00fcndau<br \/><\/strong><\/p>\n<p><img loading=\"lazy\" decoding=\"async\" class=\"size-medium wp-image-2332 aligncenter\" src=\"https:\/\/eintrachtmittelgruendau.de\/wp-content\/uploads\/2025\/11\/Weihnachtsmarkt-300x170.png\" alt=\"\" width=\"300\" height=\"170\" srcset=\"https:\/\/eintrachtmittelgruendau.de\/wp-content\/uploads\/2025\/11\/Weihnachtsmarkt-300x170.png 300w, https:\/\/eintrachtmittelgruendau.de\/wp-content\/uploads\/2025\/11\/Weihnachtsmarkt-1024x580.png 1024w, https:\/\/eintrachtmittelgruendau.de\/wp-content\/uploads\/2025\/11\/Weihnachtsmarkt-768x435.png 768w, https:\/\/eintrachtmittelgruendau.de\/wp-content\/uploads\/2025\/11\/Weihnachtsmarkt.png 1496w\" sizes=\"auto, (max-width: 300px) 100vw, 300px\" \/><\/p>\n<p>&nbsp;<\/p>\n<p><strong>So., 16.11.\u00a0 \u00a0 \u00a0 \u00a0 \u00a0 Volkstrauertag &#8211; Singen am Denkmal in Mittel-Gr\u00fcndau<\/strong><\/p>\n<p><img loading=\"lazy\" decoding=\"async\" class=\"wp-image-2329 alignright\" src=\"https:\/\/eintrachtmittelgruendau.de\/wp-content\/uploads\/2025\/11\/WhatsApp-Image-2025-11-12-at-05.33.23-300x92.jpeg\" alt=\"\" width=\"226\" height=\"69\" srcset=\"https:\/\/eintrachtmittelgruendau.de\/wp-content\/uploads\/2025\/11\/WhatsApp-Image-2025-11-12-at-05.33.23-300x92.jpeg 300w, https:\/\/eintrachtmittelgruendau.de\/wp-content\/uploads\/2025\/11\/WhatsApp-Image-2025-11-12-at-05.33.23-1024x313.jpeg 1024w, https:\/\/eintrachtmittelgruendau.de\/wp-content\/uploads\/2025\/11\/WhatsApp-Image-2025-11-12-at-05.33.23-768x235.jpeg 768w, https:\/\/eintrachtmittelgruendau.de\/wp-content\/uploads\/2025\/11\/WhatsApp-Image-2025-11-12-at-05.33.23.jpeg 1036w\" sizes=\"auto, (max-width: 226px) 100vw, 226px\" \/><\/p>\n<p>&nbsp;<\/p>\n<p>&nbsp;<\/p>\n<p><strong>Sa., 25.10.\u00a0 \u00a0 \u00a0 \u00a0 Konzert\u00a0 Love &amp; Peace zusammen mit dem Chor 4 You GN-\u00a0 \u00a0 \u00a0 \u00a0 \u00a0 \u00a0 \u00a0 \u00a0 \u00a0 \u00a0 \u00a0 \u00a0 \u00a0 \u00a0 \u00a0 \u00a0 \u00a0 \u00a0 \u00a0 H\u00f6chst\u00a0<\/strong>\u00a0 \u00a0 \u00a0 \u00a0 \u00a0 \u00a0 \u00a0 \u00a0 \u00a0 \u00a0 \u00a0<\/p>\n<p>\u00a0 \u00a0 \u00a0 \u00a0 \u00a0 \u00a0 \u00a0 \u00a0 \u00a0 \u00a0 \u00a0 \u00a0 \u00a0 \u00a0 \u00a0 Dem Weltgeschehen geschuldet m\u00f6chten wir ein Zeichen setzen und ein\u00a0 \u00a0 \u00a0 \u00a0 \u00a0 \u00a0 \u00a0 \u00a0 \u00a0 \u00a0 \u00a0 \u00a0 \u00a0 \u00a0 \u00a0 \u00a0 \u00a0 Konzert zum Thema Liebe und Frieden veranstalten. Wir singen unter\u00a0 \u00a0 \u00a0 \u00a0 \u00a0 \u00a0 \u00a0 \u00a0 \u00a0 \u00a0 \u00a0 \u00a0 \u00a0 \u00a0 \u00a0 \u00a0 \u00a0 \u00a0 \u00a0 anderem bekannte Lieder wie &#8222;Heal the world&#8220;,\u00a0 &#8222;Imagine&#8220; und &#8222;Can you\u00a0 \u00a0 \u00a0 \u00a0 \u00a0 \u00a0 \u00a0 \u00a0 \u00a0 \u00a0 \u00a0 \u00a0 \u00a0 \u00a0 \u00a0 \u00a0 feel the love tonight&#8220;.<br \/>\u00a0 \u00a0 \u00a0 \u00a0 \u00a0 \u00a0 \u00a0 \u00a0 \u00a0 \u00a0 \u00a0 \u00a0 \u00a0 \u00a0 \u00a0 Falls ihr bei diesem tollen Konzert mitmachen m\u00f6chtet meldet euch\u00a0 \u00a0 \u00a0 \u00a0 \u00a0 \u00a0 \u00a0 \u00a0 \u00a0 \u00a0 \u00a0 \u00a0 \u00a0 \u00a0 \u00a0 \u00a0 \u00a0 \u00a0 \u00a0 \u00a0 \u00a0 gerne bei uns.<\/p>\n<p><strong>Do., 05.06.\u00a0 \u00a0 \u00a0 \u00a0 Jahreshauptversammlung mit Neuwahlen<\/strong><\/p>\n<p><strong>So., 04.01.\u00a0 \u00a0 \u00a0 \u00a0 Winterwanderung mit Grillfeier<\/strong><\/p>\n<h2 style=\"padding-left: 40px;\"><em><strong>2024<\/strong><\/em><\/h2>\n<p><strong>So., 08.12.\u00a0 \u00a0 \u00a0\u00a0\u00a0 Adventsgottesdienst im DGH Mittel-Gr\u00fcndau<br \/><\/strong><\/p>\n<p><strong>So., 01.12.\u00a0 \u00a0 \u00a0 \u00a0\u00a0 Teilnahme am Weihnachtsmarkt in Mittel-Gr\u00fcndau<br \/><\/strong><\/p>\n<p><strong>So., 17.11.\u00a0 \u00a0 \u00a0 \u00a0 \u00a0 Volkstrauertag &#8211; Singen am Denkmal in Mittel-Gr\u00fcndau<br \/><\/strong><\/p>\n<p>So., 12.05.\u00a0 \u00a0 \u00a0 \u00a0 \u00a0 &#8222;Sing in Spring&#8220; &#8211; eine gelungene Veranstaltung auf dem Hof von<br \/>Heinrich Weinel lockte bei sch\u00f6nstem Wetter zahlreiche Besucher an!<\/p>\n<p>Sa., 23.03.Einweihung Sternenkinder-Gr\u00e4berfeld<strong><br \/><\/strong><\/p>\n<p><img loading=\"lazy\" decoding=\"async\" class=\"alignnone size-medium wp-image-2260\" src=\"https:\/\/eintrachtmittelgruendau.de\/wp-content\/uploads\/2024\/05\/WhatsApp-Image-2024-03-26-at-17.42.11-e1717166013985-259x300.jpeg\" alt=\"\" width=\"259\" height=\"300\" srcset=\"https:\/\/eintrachtmittelgruendau.de\/wp-content\/uploads\/2024\/05\/WhatsApp-Image-2024-03-26-at-17.42.11-e1717166013985-259x300.jpeg 259w, https:\/\/eintrachtmittelgruendau.de\/wp-content\/uploads\/2024\/05\/WhatsApp-Image-2024-03-26-at-17.42.11-e1717166013985-883x1024.jpeg 883w, https:\/\/eintrachtmittelgruendau.de\/wp-content\/uploads\/2024\/05\/WhatsApp-Image-2024-03-26-at-17.42.11-e1717166013985-768x890.jpeg 768w, https:\/\/eintrachtmittelgruendau.de\/wp-content\/uploads\/2024\/05\/WhatsApp-Image-2024-03-26-at-17.42.11-e1717166013985-319x370.jpeg 319w, https:\/\/eintrachtmittelgruendau.de\/wp-content\/uploads\/2024\/05\/WhatsApp-Image-2024-03-26-at-17.42.11-e1717166013985.jpeg 991w\" sizes=\"auto, (max-width: 259px) 100vw, 259px\" \/><\/p>\n<h2>\u00a0<\/h2>\n<h2><em><strong>2023<\/strong><\/em><\/h2>\n<p>So., 03.12.<strong>\u00a0\u00a0\u00a0\u00a0\u00a0\u00a0\u00a0\u00a0\u00a0\u00a0 Weihnachtsmarkt Mittel-Gr\u00fcndau in der Dom\u00e4ne<\/strong><\/p>\n<p>Advent, Advent \u2013 die Zeit, sie rennt!<br \/>Es ist bald wieder Weihnachtsmarkt<br \/>und der Gesangverein ist auch am Start.<br \/>Und so wie in jedem Jahr<br \/>ist Heidelbeergl\u00fchwein unser Star!<br \/>Dazu es leckeres Schmandbrot gibt<br \/>und hei\u00dfer Slivovic ist auch beliebt.<br \/>Hei\u00dfer Kakao mit Sahne oder Schuss<br \/>als Lumumba ist ein Genuss.<br \/>Drum kommt und lasst Euch bei uns nieder<br \/>&#8211; die \u201eSpelunke\u201c gibt es auch wieder.<\/p>\n<p><strong>Wir freuen uns auf unsere G\u00e4ste und w\u00fcnschen allen ein friedliches und frohes Weihnachtsfest und alles Gute f\u00fcr das Jahr 2024!<\/strong><\/p>\n<p><strong>Der Gesangverein \u201eEintracht\u201c Mittel-Gr\u00fcndau<\/strong><\/p>\n<p>&nbsp;<\/p>\n<p>&nbsp;<\/p>\n<p>&nbsp;<\/p>\n<p>&nbsp;<\/p>\n<\/div>\n<\/div>\n\n\n<\/div>\n<p><!-- \/wp:post-content --><\/p>\n<p><!-- wp:paragraph --><\/p>\n<p><!-- \/wp:paragraph --><\/p>","protected":false},"excerpt":{"rendered":"<p>2026 So., 08.03. Konzert\u00a0 Love &amp; Peace zusammen mit dem Chor 4 You GN-\u00a0 \u00a0 \u00a0 \u00a0 \u00a0 \u00a0 \u00a0 \u00a0 \u00a0 \u00a0 \u00a0 \u00a0 \u00a0 \u00a0 \u00a0 \u00a0 \u00a0 \u00a0 \u00a0 H\u00f6chst\u00a0\u00a0 &nbsp; \u00a0 \u00a0 \u00a0 \u00a0 \u00a0 \u00a0 &hellip; <a href=\"https:\/\/eintrachtmittelgruendau.de\/?page_id=63\">Weiterlesen <span class=\"meta-nav\">&rarr;<\/span><\/a><\/p>\n","protected":false},"author":5,"featured_media":2194,"parent":0,"menu_order":5,"comment_status":"closed","ping_status":"closed","template":"","meta":{"footnotes":""},"class_list":["post-63","page","type-page","status-publish","has-post-thumbnail","hentry"],"_links":{"self":[{"href":"https:\/\/eintrachtmittelgruendau.de\/index.php?rest_route=\/wp\/v2\/pages\/63","targetHints":{"allow":["GET"]}}],"collection":[{"href":"https:\/\/eintrachtmittelgruendau.de\/index.php?rest_route=\/wp\/v2\/pages"}],"about":[{"href":"https:\/\/eintrachtmittelgruendau.de\/index.php?rest_route=\/wp\/v2\/types\/page"}],"author":[{"embeddable":true,"href":"https:\/\/eintrachtmittelgruendau.de\/index.php?rest_route=\/wp\/v2\/users\/5"}],"replies":[{"embeddable":true,"href":"https:\/\/eintrachtmittelgruendau.de\/index.php?rest_route=%2Fwp%2Fv2%2Fcomments&post=63"}],"version-history":[{"count":324,"href":"https:\/\/eintrachtmittelgruendau.de\/index.php?rest_route=\/wp\/v2\/pages\/63\/revisions"}],"predecessor-version":[{"id":2349,"href":"https:\/\/eintrachtmittelgruendau.de\/index.php?rest_route=\/wp\/v2\/pages\/63\/revisions\/2349"}],"wp:featuredmedia":[{"embeddable":true,"href":"https:\/\/eintrachtmittelgruendau.de\/index.php?rest_route=\/wp\/v2\/media\/2194"}],"wp:attachment":[{"href":"https:\/\/eintrachtmittelgruendau.de\/index.php?rest_route=%2Fwp%2Fv2%2Fmedia&parent=63"}],"curies":[{"name":"wp","href":"https:\/\/api.w.org\/{rel}","templated":true}]}}